*(-6)/4 is divided by i.
3
Let k(o) = 30*o**2 + o. Let h be k(2). Let n = 182 - h. What is the remainder when n is divided by 16?
12
Let r(b) = 3*b + 2. Let y be r(4). Let q = -8 + y. Calculate the remainder when 67/5 - q/15 is divided by 7.
6
Suppose 3*l + 0 = -9, 2*s = -4*l + 10. Let a = 23 - s. Let b = 23 - 0. What is the remainder when b is divided by a?
11
Let o(u) = 10*u**3 - 3*u**2 + 3*u - 2. Let h be o(2). Suppose 337 = 5*w + h. Let c(a) = 3*a + 3. What is the remainder when w is divided by c(5)?
17
Let u be (-2)/6 + (-20)/(-6). Suppose -u*m + 3 - 6 = 0. Calculate the remainder when 1/(m*1/(-4)) is divided by 2.
0
Let x = -2 + 5. Let b = -4 - -3. Let v(f) = 8*f**2 + f. Calculate the remainder when v(b) is divided by x.
1
Suppose -2*u = -w - 4, -2*w = u - 3*w - 2. What is the remainder when 29/((2/1)/u) is divided by (-9)/2*10/(-3)?
14
Suppose -5*o - 5 = 0, -2*t + 2*o + 3 = o. Let r = 2 + t. Let l(a) = 5*a - 3. What is the remainder when 23 is divided by l(r)?
11
Let j = 41 + -35. Calculate the remainder when j is divided by 2.
0
Let y(i) = -i**3 - 4*i**2 - 3*i. Let s be y(-6). Suppose 3*j - 2*l = 11 + 46, 4*j = -2*l + s. What is the remainder when j is divided by 11?
10
Let w = -19 - -20. What is the remainder when 3 is divided by w?
0
Let k = 7 + -4. Suppose 0 = -h + 4*d + 23, -k*d + 16 = 4*h - 0*d. Calculate the remainder when 55/3 - (-18)/27 is divided by h.
5
Let d = -14 - -21. What is the remainder when 12 is divided by d?
5
Suppose -8 = -l + 3*l. Let k be l/10 - 22/(-5). Suppose 28 = k*r - 12. What is the remainder when 18 is divided by r?
8
Let g(q) = q**3 + 6*q**2 - 2*q - 3. Let p be g(-5). Suppose 4*x - p = -0. What is the remainder when 13 is divided by x?
5
Let s be ((-4)/(-8))/((-2)/(-1324)). Let c = 472 - s. What is the remainder when c is divided by 36?
33
Suppose 0*h + 260 = 4*h. Suppose -5*l - 27 = 2*g - 128, 3*l = g + h. Calculate the remainder when (-990)/(-24) + (-1)/4 is divided by l.
20
Suppose -6*r = -11*r + 225. Suppose -5*a + h + 114 = 0, -4*h + 3*h - r = -2*a. Calculate the remainder when a is divided by 1*(-1 + (9 - 2)).
5
Let u be 8/12*3/2. Let r be 17/6 - 4/(-24). Let v = u + r. What is the remainder when 13 is divided by v?
1
Suppose 0 = 5*q - l - 6, 3*q + l - 6 - 4 = 0. Calculate the remainder when q + ((-2)/(-1) - -1) is divided by (-4)/14 + 112/49.
1
Let t be 30 + 3/(1 + -2). Let u = t - 15. What is the remainder when u is divided by 7?
5
Suppose -12 + 48 = 3*l. Let r = -6 - -6. Let z(o) = -o**2 + o + 34. Calculate the remainder when z(r) is divided by l.
10
Suppose 5*t + 1 = 4*p + 21, -2*t = p - 21. Let l(f) = -f + 13. Calculate the remainder when 8 is divided by l(t).
3
Suppose g - 12 = -3*g. Calculate the remainder when 4 is divided by g.
1
Calculate the remainder when -2*(2 - 23) - 1 is divided by 14.
13
Let f(l) = -l**2 - 24*l - 7. What is the remainder when 184 is divided by f(-22)?
36
Let r(q) = -q**3 + 5*q**2 + 10*q - 4. What is the remainder when r(6) is divided by 7?
6
Let w be (-24)/(-11) + (-4)/22. Suppose 2*r + 5*n - 68 + 11 = 0, w*r - 22 = 2*n. Calculate the remainder when 45 is divided by r.
13
Suppose -5*l + 21 = q - 27, q - 12 = -l. Suppose 0 = k - 15 - 19. What is the remainder when k is divided by l?
7
Suppose 0*h + 6 = h. Let t(u) = u + 12. Calculate the remainder when h is divided by t(-8).
2
Suppose 0*l = -5*r + 4*l - 17, -10 = -2*r - 4*l. Let o = r - 0. What is the remainder when (52/6)/(o/(-6)) is divided by 18?
16
Let n be 174/(-12)*1*2. Let t = n - -67. Calculate the remainder when t is divided by 13.
12
Let j be (-13)/26*0/(-2). Suppose -5*m + 58 + 77 = j. What is the remainder when 79 is divided by m?
25
Let i(w) = -w**2 + 8*w - 9. Let t be i(6). Suppose 160 = t*f + f. Let o = -24 + f. Calculate the remainder when o is divided by 6.
4
Suppose 2*y - 6 = -2*z + 6*y, 5*y = 25. What is the remainder when (-15)/(-18)*3*20 is divided by z?
11
Let x(w) = -11*w**3 - 2*w**2 - w. Calculate the remainder when 37 is divided by x(-1).
7
Let a = 1217 + -2061. What is the remainder when 34 is divided by a/(-44) - 4/22?
15
Let q(p) = 0 + 3 - 5*p + p - 2*p**2. Let h be q(-4). Let r = h - -54. Calculate the remainder when r is divided by 14.
13
Suppose 5*d - 160 = -0*d. What is the remainder when d is divided by 11?
10
Suppose -21*k + 8 = -17*k. Calculate the remainder when 8 is divided by k.
0
Suppose -65 = -2*s - 3*s. Let t = 6 + -4. What is the remainder when (t/(-2))/(6/(-150)) is divided by s?
12
Suppose 4*p + 69 - 1 = -4*s, -5*s = -2*p - 27. Calculate the remainder when 2 + 4/p*-4 is divided by 3.
0
Suppose 10*l + 48 = 12*l. Calculate the remainder when l is divided by 9.
6
Suppose 2*j = 39 + 1. What is the remainder when j is divided by 7?
6
What is the remainder when 19*((2 - 0) + -1) is divided by 5?
4
Let t = 22 - 9. Suppose -3*a - 3 = 27. Let f = a - -33. Calculate the remainder when f is divided by t.
10
Let s = 17 - 6. Let o(h) = -4*h. Let t be o(-3). Let n(q) = q**2 - 11*q - 9. Calculate the remainder when s is divided by n(t).
2
Let y be -2 - -4*(2 - 1). Suppose v - 1 + 0 = 0. What is the remainder when (v/y)/((-1)/(-10)) is divided by 2?
1
Let y = -184 - -186. Let b = -11 - -16. Calculate the remainder when b is divided by y.
1
Let w(d) = d. Let k(l) be the first derivative of -l + 4. Let q(c) = 2*k(c) - 10*w(c). What is the remainder when q(-6) is divided by 15?
13
Let q = 128 + 38. Let g(v) = -v**3 + 9*v**2 - 7*v + 7. Calculate the remainder when q/4 - 1/(-2) is divided by g(8).
12
Calculate the remainder when 1194/14 - 2/7 is divided by (-205)/(-7) - (4 - 78/21).
27
Let l(x) = -x + 18. Calculate the remainder when 14 is divided by l(10).
6
Let k(p) = -p - 2. Let z = 3 + 4. What is the remainder when z is divided by k(-4)?
1
Calculate the remainder when 4 - 0 - 1 - (-6 + -28) is divided by 10.
7
Let b = 3 + -10. Let i = 13 + b. Let u(f) = 5*f**2 + 2. Calculate the remainder when u(2) is divided by i.
4
Suppose -6*y + 43 + 125 = 0. Calculate the remainder when 109 is divided by y.
25
Let x(b) = -4*b**3 + 8*b**2 + 6*b**3 - b - b**3 - 6. Let d be x(-8). Calculate the remainder when 34 is divided by 166/18 + d/(-9).
7
Let j(b) = -1 + b**3 - b**2 + 3*b**3 + 2*b - b**3. What is the remainder when j(2) is divided by (-4)/14 - (-86)/7?
11
Suppose -12*x - 90 = -17*x. What is the remainder when 71 is divided by x?
17
Suppose -5*f = 34 - 99. Calculate the remainder when 25 is divided by f.
12
Suppose -159 - 83 = -2*h - 4*z, 0 = -3*h - 2*z + 355. What is the remainder when h is divided by 24?
21
Let t = 11 + -8. Suppose t*s + s + 56 = g, 5*s = 4*g - 169. Suppose 72 = 3*d + x + 4*x, -4*d - x = -79. Calculate the remainder when g is divided by d.
17
Suppose 0 = 3*j - 7*j. Suppose j = 5*v - 0*v + 30. Let a(w) = w**3 + 5*w**2 - 9*w - 2. What is the remainder when a(v) is divided by 9?
7
Let a(p) = -2*p - 8. Let l be a(-6). Suppose -5*h + q = -129, -l*q + 56 = 2*h - 0*h. Suppose -h = -4*b + 106. What is the remainder when b is divided by 12?
9
What is the remainder when 7 is divided by (2/4)/((-7)/(-42))?
1
Let w(r) = r**3 + 4*r**2 - 8*r - 8. What is the remainder when 12 is divided by w(-5)?
5
Suppose -3 = -2*o + 3. Suppose 8*z = o*z + 25. Calculate the remainder when 19 is divided by z.
4
Let g be (3/(-2))/((-15)/20). Let h(m) = m**2 - 3*m + 1. Let c be h(g). What is the remainder when 36 is divided by (-18)/c + -1 + 2?
17
Let z(j) = -5*j**3 - j**2. Let l be z(-1). Suppose d = l*d. Suppose -152 = -4*c - b, d*c + b + 121 = 3*c. What is the remainder when c is divided by 20?
19
Let o = -7 - -9. Suppose 22 = o*q + l, 0*q - q + 11 = 3*l. What is the remainder when 43 is divided by q?
10
Suppose -5*f = -3*h + 69, 0*h + 2*h - 2*f = 42. Suppose 216 = 2*c - 2*z, 33 = 5*z + 8. Let g = -60 + c. What is the remainder when g is divided by h?
17
Let s = 35 + -6. What is the remainder when s is divided by 16?
13
Calculate the remainder when 17 is divided by (-36)/(-3) - (-1)/((-1)/2).
7
Let q = 13 + -9. What is the remainder when (-9)/(-12) + 45/q is divided by 7?
5
Let v(o) = 9*o**2 - 3*o + 3. Let r = -11 + 23. What is the remainder when v(-2) is divided by r?
9
Suppose -949 = -13*n - 0*n. Calculate the remainder when n is divided by 38.
35
Suppose 0 = -0*j + 2*j - 22. Let v(u) = -5*u**2 - 3*u + 6. 